{"id":2121,"date":"2021-06-23T20:13:31","date_gmt":"2021-06-23T20:13:31","guid":{"rendered":"https:\/\/igrejavidacomdeus.com\/site\/?page_id=2121"},"modified":"2021-07-06T02:24:41","modified_gmt":"2021-07-06T02:24:41","slug":"pedido-de-oracao","status":"publish","type":"page","link":"https:\/\/igrejavidacomdeus.com\/site\/pedido-de-oracao\/","title":{"rendered":"Pedido de Ora\u00e7\u00e3o"},"content":{"rendered":"<div class=\"wpforms-container wpforms-container-full\" id=\"wpforms-2178\"><form id=\"wpforms-form-2178\" class=\"wpforms-validate wpforms-form\" data-formid=\"2178\" method=\"post\" enctype=\"multipart\/form-data\" action=\"\/site\/wp-json\/wp\/v2\/pages\/2121\" data-token=\"193954ad3b7f77172e26691fb0a19c73\"><noscript class=\"wpforms-error-noscript\">Ative o JavaScript no seu navegador para preencher este formul\u00e1rio.<\/noscript><div class=\"wpforms-field-container\"><div id=\"wpforms-2178-field_0-container\" class=\"wpforms-field wpforms-field-name\" data-field-id=\"0\"><label class=\"wpforms-field-label\" for=\"wpforms-2178-field_0\">Nome <span class=\"wpforms-required-label\">*<\/span><\/label><div class=\"wpforms-field-row wpforms-field-medium\"><div class=\"wpforms-field-row-block wpforms-first wpforms-one-half\"><input type=\"text\" id=\"wpforms-2178-field_0\" class=\"wpforms-field-name-first wpforms-field-required\" name=\"wpforms[fields][0][first]\" placeholder=\"Digite seu nome\" required><label for=\"wpforms-2178-field_0\" class=\"wpforms-field-sublabel after wpforms-sublabel-hide\">Nome<\/label><\/div><div class=\"wpforms-field-row-block wpforms-one-half\"><input type=\"text\" id=\"wpforms-2178-field_0-last\" class=\"wpforms-field-name-last wpforms-field-required\" name=\"wpforms[fields][0][last]\" placeholder=\"Sobrenome\" required><label for=\"wpforms-2178-field_0-last\" class=\"wpforms-field-sublabel after wpforms-sublabel-hide\">Sobrenome<\/label><\/div><\/div><\/div><div id=\"wpforms-2178-field_1-container\" class=\"wpforms-field wpforms-field-email\" data-field-id=\"1\"><label class=\"wpforms-field-label\" for=\"wpforms-2178-field_1\">E-mail <span class=\"wpforms-required-label\">*<\/span><\/label><input type=\"email\" id=\"wpforms-2178-field_1\" class=\"wpforms-field-medium wpforms-field-required\" name=\"wpforms[fields][1]\" placeholder=\"Digite seu e-mail\" required><\/div><div id=\"wpforms-2178-field_2-container\" class=\"wpforms-field wpforms-field-textarea\" data-field-id=\"2\"><label class=\"wpforms-field-label\" for=\"wpforms-2178-field_2\">Fa\u00e7a seu pedido de ora\u00e7\u00e3o <span class=\"wpforms-required-label\">*<\/span><\/label><textarea id=\"wpforms-2178-field_2\" class=\"wpforms-field-medium wpforms-field-required\" name=\"wpforms[fields][2]\" placeholder=\"Digite seu pedido de ora\u00e7\u00e3o\" required><\/textarea><div class=\"wpforms-field-description\">Fa\u00e7a seu pedido de ora\u00e7\u00e3o<\/div><\/div><\/div><div class=\"wpforms-submit-container\"><input type=\"hidden\" name=\"wpforms[id]\" value=\"2178\"><input type=\"hidden\" name=\"wpforms[author]\" value=\"8\"><button type=\"submit\" name=\"wpforms[submit]\" id=\"wpforms-submit-2178\" class=\"wpforms-submit\" data-alt-text=\"Enviando...\" data-submit-text=\"Enviar\" aria-live=\"assertive\" value=\"wpforms-submit\">Enviar<\/button><\/div><\/form><\/div>  <!-- .wpforms-container --><br \/>\n\t\t\t\t\t\t\t\t\t\t<img decoding=\"async\" width=\"450\" height=\"254\" src=\"https:\/\/igrejavidacomdeus.com\/site\/wp-content\/uploads\/2021\/06\/oracao.jpg\" alt=\"\" loading=\"lazy\" srcset=\"https:\/\/igrejavidacomdeus.com\/site\/wp-content\/uploads\/2021\/06\/oracao.jpg 450w, https:\/\/igrejavidacomdeus.com\/site\/wp-content\/uploads\/2021\/06\/oracao-300x169.jpg 300w\" sizes=\"auto, (max-width: 450px) 100vw, 450px\" \/><\/p>\n","protected":false},"excerpt":{"rendered":"Ative o JavaScript no seu navegador para preencher este formul\u00e1rio.Nome *NomeSobrenomeE-mail *Fa\u00e7a seu pedido de ora\u00e7\u00e3o *Fa\u00e7a seu pedido de ora\u00e7\u00e3oEnviar","protected":false},"author":8,"featured_media":0,"parent":0,"menu_order":0,"comment_status":"closed","ping_status":"closed","template":"","meta":{"footnotes":""},"class_list":["post-2121","page","type-page","status-publish","hentry"],"_links":{"self":[{"href":"https:\/\/igrejavidacomdeus.com\/site\/wp-json\/wp\/v2\/pages\/2121","targetHints":{"allow":["GET"]}}],"collection":[{"href":"https:\/\/igrejavidacomdeus.com\/site\/wp-json\/wp\/v2\/pages"}],"about":[{"href":"https:\/\/igrejavidacomdeus.com\/site\/wp-json\/wp\/v2\/types\/page"}],"author":[{"embeddable":true,"href":"https:\/\/igrejavidacomdeus.com\/site\/wp-json\/wp\/v2\/users\/8"}],"replies":[{"embeddable":true,"href":"https:\/\/igrejavidacomdeus.com\/site\/wp-json\/wp\/v2\/comments?post=2121"}],"version-history":[{"count":0,"href":"https:\/\/igrejavidacomdeus.com\/site\/wp-json\/wp\/v2\/pages\/2121\/revisions"}],"wp:attachment":[{"href":"https:\/\/igrejavidacomdeus.com\/site\/wp-json\/wp\/v2\/media?parent=2121"}],"curies":[{"name":"wp","href":"https:\/\/api.w.org\/{rel}","templated":true}]}}